{"id":883,"date":"2017-04-27T08:14:28","date_gmt":"2017-04-27T08:14:28","guid":{"rendered":"http:\/\/ferien.bm-partner.de\/?page_id=883"},"modified":"2017-05-15T12:53:20","modified_gmt":"2017-05-15T12:53:20","slug":"senioren-mehrfamilienhaeuser-in-schwaan","status":"publish","type":"page","link":"https:\/\/www.residenz-schwaan.de\/index.php\/senioren-mehrfamilienhaeuser-in-schwaan\/","title":{"rendered":"Senioren Mehrfamilienh\u00e4user in Schwaan"},"content":{"rendered":"<div id='layer_slider_1'  class='avia-layerslider main_color avia-shadow  avia-builder-el-0  el_before_av_textblock  avia-builder-el-first  container_wrap sidebar_right'  style='height: 501px; max-width: 1920px; margin: 0 auto;'  ><\/div><div id='after_layer_slider_1'  class='main_color av_default_container_wrap container_wrap sidebar_right'  ><div class='container av-section-cont-open' ><div class='template-page content  av-content-small alpha units'><div class='post-entry post-entry-type-page post-entry-883'><div class='entry-content-wrapper clearfix'>\n<section  class='av_textblock_section av-av_textblock-0366cc7376be6c9e82a3e9cc8987b64f'  itemscope=\"itemscope\" itemtype=\"https:\/\/schema.org\/CreativeWork\" ><div class='avia_textblock'  itemprop=\"text\" ><div class=\"csc-header csc-header-n1\">\n<h1 class=\"csc-firstHeader\">Wohnungen am Amtsplatz 4 (Gro\u00dfherzogliches Amt)<\/h1>\n<\/div>\n<div class=\"csc-textpic csc-textpic-center csc-textpic-below csc-textpic-equalheight\">\n<div class=\"csc-textpic-text\">\n<p class=\"bodytext\">M\u00f6chten Sie in einem historischen Denkmal leben, das Geschichten erz\u00e4hlen kann, die es noch zu entdecken gilt? Dann sind Sie hier richtig.<\/p>\n<p class=\"bodytext\">Das Geb\u00e4ude des ehemaligen Amtsgerichts ist stadtgeschichtlich ebenso bedeutsam wie seine Lage. Es befindet sich auf dem Amtsplatz als ehemaligem Schlossplatz, mit einem Vorg\u00e4ngerbau, der als Burg bzw. Schloss bezeichnet wird.<\/p>\n<p class=\"bodytext\">Das Geb\u00e4ude steht unter Denkmalschutz. Der Umbau zu einem 8-Familienhaus sowie die Sanierung des Objektes erfolgten unter denkmalpflegerischen Gesichtspunkten. Die Haust\u00fcren auf der Platz- und Hofseite wurden erhalten. Die Fassadengliederung mit Gurt- und Kranzgesims und profilierten Sohlb\u00e4nken wurden wieder hergestellt. Die Fenster einschlie\u00dflich der Fensterl\u00e4den konnten nach historischem Vorbild neu gefertigt werden. Die Farbfassung orientiert sich an Befunduntersuchungen und entspricht der urspr\u00fcnglichen Farbigkeit.<\/p>\n<\/div>\n<\/div>\n<\/div><\/section>\n\n<style type=\"text\/css\" data-created_by=\"avia_inline_auto\" id=\"style-css-av-av_one_full-6126cab7d8fab8d08143dd2dacdf673c\">\n.flex_column.av-av_one_full-6126cab7d8fab8d08143dd2dacdf673c{\n-webkit-border-radius:0px 0px 0px 0px;\n-moz-border-radius:0px 0px 0px 0px;\nborder-radius:0px 0px 0px 0px;\npadding:0px 0px 0px 0px;\n}\n<\/style>\n<div class='flex_column av-av_one_full-6126cab7d8fab8d08143dd2dacdf673c av_one_full  avia-builder-el-2  el_after_av_textblock  el_before_av_section  avia-builder-el-last  first flex_column_div av-zero-column-padding column-top-margin'     ><div id='av-masonry-1' class='av-masonry av-av_masonry_gallery-be1e50c06ac88e5683ffdf5c21abd56a noHover av-fixed-size av-large-gap av-hover-overlay-active av-masonry-animation-active av-masonry-col-6 av-caption-always av-caption-style- av-masonry-gallery ' data-post_id=\"883\"><div class=\"av-masonry-container isotope av-js-disabled\"><div class='av-masonry-entry isotope-item av-masonry-item-no-image '><\/div><a href=\"https:\/\/www.residenz-schwaan.de\/wp-content\/uploads\/amtsplatz1.jpg\"  aria-label=\"Bild amtsplatz1\"  id='av-masonry-1-item-885' data-av-masonry-item='885' class='av-masonry-entry isotope-item post-885 attachment type-attachment status-inherit hentry  av-masonry-item-with-image' title=\"amtsplatz1\" alt=\"\"    itemprop=\"thumbnailUrl\" ><div class='av-inner-masonry-sizer'><\/div><figure class='av-inner-masonry main_color'><div class=\"av-masonry-outerimage-container\"><div class='av-masonry-image-container' style=\"background-image: url(https:\/\/www.residenz-schwaan.de\/wp-content\/uploads\/amtsplatz1-705x471.jpg);\"  title=\"amtsplatz1\"  ><\/div><\/div><\/figure><\/a><!--end av-masonry entry--><a href=\"https:\/\/www.residenz-schwaan.de\/wp-content\/uploads\/amtsplatz2.jpg\"  aria-label=\"Bild amtsplatz2\"  id='av-masonry-1-item-887' data-av-masonry-item='887' class='av-masonry-entry isotope-item post-887 attachment type-attachment status-inherit hentry  av-masonry-item-with-image' title=\"amtsplatz2\" alt=\"\"    itemprop=\"thumbnailUrl\" ><div class='av-inner-masonry-sizer'><\/div><figure class='av-inner-masonry main_color'><div class=\"av-masonry-outerimage-container\"><div class='av-masonry-image-container' style=\"background-image: url(https:\/\/www.residenz-schwaan.de\/wp-content\/uploads\/amtsplatz2-705x471.jpg);\"  title=\"amtsplatz2\"  ><\/div><\/div><\/figure><\/a><!--end av-masonry entry--><a href=\"https:\/\/www.residenz-schwaan.de\/wp-content\/uploads\/amtsplatz3.jpg\"  aria-label=\"Bild amtsplatz3\"  id='av-masonry-1-item-888' data-av-masonry-item='888' class='av-masonry-entry isotope-item post-888 attachment type-attachment status-inherit hentry  av-masonry-item-with-image' title=\"amtsplatz3\" alt=\"\"    itemprop=\"thumbnailUrl\" ><div class='av-inner-masonry-sizer'><\/div><figure class='av-inner-masonry main_color'><div class=\"av-masonry-outerimage-container\"><div class='av-masonry-image-container' style=\"background-image: url(https:\/\/www.residenz-schwaan.de\/wp-content\/uploads\/amtsplatz3-705x471.jpg);\"  title=\"amtsplatz3\"  ><\/div><\/div><\/figure><\/a><!--end av-masonry entry--><a href=\"https:\/\/www.residenz-schwaan.de\/wp-content\/uploads\/amtsplatz4.jpg\"  aria-label=\"Bild amtsplatz4\"  id='av-masonry-1-item-889' data-av-masonry-item='889' class='av-masonry-entry isotope-item post-889 attachment type-attachment status-inherit hentry  av-masonry-item-with-image' title=\"amtsplatz4\" alt=\"\"    itemprop=\"thumbnailUrl\" ><div class='av-inner-masonry-sizer'><\/div><figure class='av-inner-masonry main_color'><div class=\"av-masonry-outerimage-container\"><div class='av-masonry-image-container' style=\"background-image: url(https:\/\/www.residenz-schwaan.de\/wp-content\/uploads\/amtsplatz4-705x555.jpg);\"  title=\"amtsplatz4\"  ><\/div><\/div><\/figure><\/a><!--end av-masonry entry--><a href=\"https:\/\/www.residenz-schwaan.de\/wp-content\/uploads\/amtsplatz5.jpg\"  aria-label=\"Bild amtsplatz5\"  id='av-masonry-1-item-890' data-av-masonry-item='890' class='av-masonry-entry isotope-item post-890 attachment type-attachment status-inherit hentry  av-masonry-item-with-image' title=\"amtsplatz5\" alt=\"\"    itemprop=\"thumbnailUrl\" ><div class='av-inner-masonry-sizer'><\/div><figure class='av-inner-masonry main_color'><div class=\"av-masonry-outerimage-container\"><div class='av-masonry-image-container' style=\"background-image: url(https:\/\/www.residenz-schwaan.de\/wp-content\/uploads\/amtsplatz5-705x555.jpg);\"  title=\"amtsplatz5\"  ><\/div><\/div><\/figure><\/a><!--end av-masonry entry--><a href=\"https:\/\/www.residenz-schwaan.de\/wp-content\/uploads\/amtsplatz6.jpg\"  aria-label=\"Bild amtsplatz6\"  id='av-masonry-1-item-891' data-av-masonry-item='891' class='av-masonry-entry isotope-item post-891 attachment type-attachment status-inherit hentry  av-masonry-item-with-image' title=\"amtsplatz6\" alt=\"\"    itemprop=\"thumbnailUrl\" ><div class='av-inner-masonry-sizer'><\/div><figure class='av-inner-masonry main_color'><div class=\"av-masonry-outerimage-container\"><div class='av-masonry-image-container' style=\"background-image: url(https:\/\/www.residenz-schwaan.de\/wp-content\/uploads\/amtsplatz6-705x555.jpg);\"  title=\"amtsplatz6\"  ><\/div><\/div><\/figure><\/a><!--end av-masonry entry--><\/div><\/div><\/div>\n<\/div><\/div><\/div><!-- close content main div --><\/div><\/div>\n<style type=\"text\/css\" data-created_by=\"avia_inline_auto\" id=\"style-css-av-av_section-b2b01204bbf941b53d800ab28844851c\">\n.avia-section.av-av_section-b2b01204bbf941b53d800ab28844851c{\nbackground-color:#f6f6f6;\nbackground-image:unset;\n}\n<\/style>\n<div id='av_section_1'  class='avia-section av-av_section-b2b01204bbf941b53d800ab28844851c main_color avia-section-default avia-no-shadow  avia-builder-el-4  el_after_av_one_full  avia-builder-el-last  avia-bg-style-scroll container_wrap sidebar_right'  ><div class='container av-section-cont-open' ><div class='template-page content  av-content-small alpha units'><div class='post-entry post-entry-type-page post-entry-883'><div class='entry-content-wrapper clearfix'>\n<section  class='av_textblock_section av-av_textblock-0366cc7376be6c9e82a3e9cc8987b64f'  itemscope=\"itemscope\" itemtype=\"https:\/\/schema.org\/CreativeWork\" ><div class='avia_textblock'  itemprop=\"text\" ><div class=\"csc-header csc-header-n1\">\n<h1 class=\"csc-firstHeader\">Wohnungen in der B\u00fctzower Stra\u00dfe 2a<\/h1>\n<\/div>\n<div class=\"csc-textpic csc-textpic-center csc-textpic-below csc-textpic-equalheight\">\n<div class=\"csc-textpic-text\">\n<p class=\"bodytext\">Suchen Sie modernes Wohnen in Zentrumsn\u00e4he? Dann sind Sie hier richtig.<\/p>\n<p class=\"bodytext\">Das Mehrfamilienhaus in unmittelbarer Zentrumsn\u00e4he staffelt sich in scheinbar zwei Einzelh\u00e4user mit unterschiedlichen Traufh\u00f6hen. Der Versatz gibt dem Geb\u00e4ude nicht nur gestalterisch Plastizit\u00e4t, sondern dadurch erhalten die Appartements im 2. Dachgeschoss (Spitzboden) eine Belichtung im Firstbereich.<\/p>\n<p class=\"bodytext\">Das Haus verf\u00fcgt \u00fcber 4 Wohnungen je Etage sowie zwei Appartements im zweiten Dachgeschoss und somit \u00fcber insgesamt 14 Wohneinheiten. Sie sind uns herzlich willkommen!<\/p>\n<\/div>\n<\/div>\n<\/div><\/section>\n\n<style type=\"text\/css\" data-created_by=\"avia_inline_auto\" id=\"style-css-av-av_one_full-6126cab7d8fab8d08143dd2dacdf673c\">\n.flex_column.av-av_one_full-6126cab7d8fab8d08143dd2dacdf673c{\n-webkit-border-radius:0px 0px 0px 0px;\n-moz-border-radius:0px 0px 0px 0px;\nborder-radius:0px 0px 0px 0px;\npadding:0px 0px 0px 0px;\n}\n<\/style>\n<div class='flex_column av-av_one_full-6126cab7d8fab8d08143dd2dacdf673c av_one_full  avia-builder-el-6  el_after_av_textblock  avia-builder-el-last  first flex_column_div av-zero-column-padding column-top-margin'     ><div id='av-masonry-2' class='av-masonry av-av_masonry_gallery-01ff9e4fb14893a3636be4ec244cf7f7 noHover av-fixed-size av-large-gap av-hover-overlay-active av-masonry-animation-active av-masonry-col-6 av-caption-always av-caption-style- av-masonry-gallery ' data-post_id=\"883\"><div class=\"av-masonry-container isotope av-js-disabled\"><div class='av-masonry-entry isotope-item av-masonry-item-no-image '><\/div><a href=\"https:\/\/www.residenz-schwaan.de\/wp-content\/uploads\/buetz1.jpg\"  aria-label=\"Bild buetz1\"  id='av-masonry-2-item-892' data-av-masonry-item='892' class='av-masonry-entry isotope-item post-892 attachment type-attachment status-inherit hentry  av-masonry-item-with-image' title=\"buetz1\" alt=\"\"    itemprop=\"thumbnailUrl\" ><div class='av-inner-masonry-sizer'><\/div><figure class='av-inner-masonry main_color'><div class=\"av-masonry-outerimage-container\"><div class='av-masonry-image-container' style=\"background-image: url(https:\/\/www.residenz-schwaan.de\/wp-content\/uploads\/buetz1-705x527.jpg);\"  title=\"buetz1\"  ><\/div><\/div><\/figure><\/a><!--end av-masonry entry--><a href=\"https:\/\/www.residenz-schwaan.de\/wp-content\/uploads\/buetz2.jpg\"  aria-label=\"Bild buetz2\"  id='av-masonry-2-item-893' data-av-masonry-item='893' class='av-masonry-entry isotope-item post-893 attachment type-attachment status-inherit hentry  av-masonry-item-with-image' title=\"buetz2\" alt=\"\"    itemprop=\"thumbnailUrl\" ><div class='av-inner-masonry-sizer'><\/div><figure class='av-inner-masonry main_color'><div class=\"av-masonry-outerimage-container\"><div class='av-masonry-image-container' style=\"background-image: url(https:\/\/www.residenz-schwaan.de\/wp-content\/uploads\/buetz2-705x471.jpg);\"  title=\"buetz2\"  ><\/div><\/div><\/figure><\/a><!--end av-masonry entry--><a href=\"https:\/\/www.residenz-schwaan.de\/wp-content\/uploads\/buetz3.jpg\"  aria-label=\"Bild buetz3\"  id='av-masonry-2-item-894' data-av-masonry-item='894' class='av-masonry-entry isotope-item post-894 attachment type-attachment status-inherit hentry  av-masonry-item-with-image' title=\"buetz3\" alt=\"\"    itemprop=\"thumbnailUrl\" ><div class='av-inner-masonry-sizer'><\/div><figure class='av-inner-masonry main_color'><div class=\"av-masonry-outerimage-container\"><div class='av-masonry-image-container' style=\"background-image: url(https:\/\/www.residenz-schwaan.de\/wp-content\/uploads\/buetz3-705x555.jpg);\"  title=\"buetz3\"  ><\/div><\/div><\/figure><\/a><!--end av-masonry entry--><\/div><\/div><\/div><\/div><\/div><\/div><!-- close content main div --><\/div><\/div><div id='after_section_1'  class='main_color av_default_container_wrap container_wrap sidebar_right'  ><div class='container av-section-cont-open' ><div class='template-page content  av-content-small alpha units'><div class='post-entry post-entry-type-page post-entry-883'><div class='entry-content-wrapper clearfix'>\n","protected":false},"excerpt":{"rendered":"","protected":false},"author":1,"featured_media":0,"parent":0,"menu_order":0,"comment_status":"closed","ping_status":"closed","template":"","meta":{"footnotes":""},"_links":{"self":[{"href":"https:\/\/www.residenz-schwaan.de\/index.php\/wp-json\/wp\/v2\/pages\/883"}],"collection":[{"href":"https:\/\/www.residenz-schwaan.de\/index.php\/wp-json\/wp\/v2\/pages"}],"about":[{"href":"https:\/\/www.residenz-schwaan.de\/index.php\/wp-json\/wp\/v2\/types\/page"}],"author":[{"embeddable":true,"href":"https:\/\/www.residenz-schwaan.de\/index.php\/wp-json\/wp\/v2\/users\/1"}],"replies":[{"embeddable":true,"href":"https:\/\/www.residenz-schwaan.de\/index.php\/wp-json\/wp\/v2\/comments?post=883"}],"version-history":[{"count":9,"href":"https:\/\/www.residenz-schwaan.de\/index.php\/wp-json\/wp\/v2\/pages\/883\/revisions"}],"predecessor-version":[{"id":984,"href":"https:\/\/www.residenz-schwaan.de\/index.php\/wp-json\/wp\/v2\/pages\/883\/revisions\/984"}],"wp:attachment":[{"href":"https:\/\/www.residenz-schwaan.de\/index.php\/wp-json\/wp\/v2\/media?parent=883"}],"curies":[{"name":"wp","href":"https:\/\/api.w.org\/{rel}","templated":true}]}}

Senioren Mehrfamilienhäuser in Schwaan

<div id='layer_slider_1'  class='avia-layerslider main_color avia-shadow  avia-builder-el-0  el_before_av_textblock  avia-builder-el-first  container_wrap sidebar_right'  style='height: 501px; max-width: 1920px; margin: 0 auto;'  ></div><div id='after_layer_slider_1'  class='main_color av_default_container_wrap container_wrap sidebar_right'  ><div class='container av-section-cont-open' ><div class='template-page content  av-content-small alpha units'><div class='post-entry post-entry-type-page post-entry-883'><div class='entry-content-wrapper clearfix'>
<section  class='av_textblock_section av-av_textblock-0366cc7376be6c9e82a3e9cc8987b64f'  itemscope="itemscope" itemtype="https://schema.org/CreativeWork" ><div class='avia_textblock'  itemprop="text" ><div class="csc-header csc-header-n1">
<h1 class="csc-firstHeader">Wohnungen am Amtsplatz 4 (Großherzogliches Amt)</h1>
</div>
<div class="csc-textpic csc-textpic-center csc-textpic-below csc-textpic-equalheight">
<div class="csc-textpic-text">
<p class="bodytext">Möchten Sie in einem historischen Denkmal leben, das Geschichten erzählen kann, die es noch zu entdecken gilt? Dann sind Sie hier richtig.</p>
<p class="bodytext">Das Gebäude des ehemaligen Amtsgerichts ist stadtgeschichtlich ebenso bedeutsam wie seine Lage. Es befindet sich auf dem Amtsplatz als ehemaligem Schlossplatz, mit einem Vorgängerbau, der als Burg bzw. Schloss bezeichnet wird.</p>
<p class="bodytext">Das Gebäude steht unter Denkmalschutz. Der Umbau zu einem 8-Familienhaus sowie die Sanierung des Objektes erfolgten unter denkmalpflegerischen Gesichtspunkten. Die Haustüren auf der Platz- und Hofseite wurden erhalten. Die Fassadengliederung mit Gurt- und Kranzgesims und profilierten Sohlbänken wurden wieder hergestellt. Die Fenster einschließlich der Fensterläden konnten nach historischem Vorbild neu gefertigt werden. Die Farbfassung orientiert sich an Befunduntersuchungen und entspricht der ursprünglichen Farbigkeit.</p>
</div>
</div>
</div></section>

<style type="text/css" data-created_by="avia_inline_auto" id="style-css-av-av_one_full-6126cab7d8fab8d08143dd2dacdf673c">
.flex_column.av-av_one_full-6126cab7d8fab8d08143dd2dacdf673c{
-webkit-border-radius:0px 0px 0px 0px;
-moz-border-radius:0px 0px 0px 0px;
border-radius:0px 0px 0px 0px;
padding:0px 0px 0px 0px;
}
</style>
<div class='flex_column av-av_one_full-6126cab7d8fab8d08143dd2dacdf673c av_one_full  avia-builder-el-2  el_after_av_textblock  el_before_av_section  avia-builder-el-last  first flex_column_div av-zero-column-padding column-top-margin'     ><div id='av-masonry-1' class='av-masonry av-av_masonry_gallery-be1e50c06ac88e5683ffdf5c21abd56a noHover av-fixed-size av-large-gap av-hover-overlay-active av-masonry-animation-active av-masonry-col-6 av-caption-always av-caption-style- av-masonry-gallery ' data-post_id="883"><div class="av-masonry-container isotope av-js-disabled"><div class='av-masonry-entry isotope-item av-masonry-item-no-image '></div><a href="https://www.residenz-schwaan.de/wp-content/uploads/amtsplatz1.jpg"  aria-label="Bild amtsplatz1"  id='av-masonry-1-item-885' data-av-masonry-item='885' class='av-masonry-entry isotope-item post-885 attachment type-attachment status-inherit hentry  av-masonry-item-with-image' title="amtsplatz1" alt=""    itemprop="thumbnailUrl" ><div class='av-inner-masonry-sizer'></div><figure class='av-inner-masonry main_color'><div class="av-masonry-outerimage-container"><div class='av-masonry-image-container' style="background-image: url(https://www.residenz-schwaan.de/wp-content/uploads/amtsplatz1-705x471.jpg);"  title="amtsplatz1"  ></div></div></figure></a><!--end av-masonry entry--><a href="https://www.residenz-schwaan.de/wp-content/uploads/amtsplatz2.jpg"  aria-label="Bild amtsplatz2"  id='av-masonry-1-item-887' data-av-masonry-item='887' class='av-masonry-entry isotope-item post-887 attachment type-attachment status-inherit hentry  av-masonry-item-with-image' title="amtsplatz2" alt=""    itemprop="thumbnailUrl" ><div class='av-inner-masonry-sizer'></div><figure class='av-inner-masonry main_color'><div class="av-masonry-outerimage-container"><div class='av-masonry-image-container' style="background-image: url(https://www.residenz-schwaan.de/wp-content/uploads/amtsplatz2-705x471.jpg);"  title="amtsplatz2"  ></div></div></figure></a><!--end av-masonry entry--><a href="https://www.residenz-schwaan.de/wp-content/uploads/amtsplatz3.jpg"  aria-label="Bild amtsplatz3"  id='av-masonry-1-item-888' data-av-masonry-item='888' class='av-masonry-entry isotope-item post-888 attachment type-attachment status-inherit hentry  av-masonry-item-with-image' title="amtsplatz3" alt=""    itemprop="thumbnailUrl" ><div class='av-inner-masonry-sizer'></div><figure class='av-inner-masonry main_color'><div class="av-masonry-outerimage-container"><div class='av-masonry-image-container' style="background-image: url(https://www.residenz-schwaan.de/wp-content/uploads/amtsplatz3-705x471.jpg);"  title="amtsplatz3"  ></div></div></figure></a><!--end av-masonry entry--><a href="https://www.residenz-schwaan.de/wp-content/uploads/amtsplatz4.jpg"  aria-label="Bild amtsplatz4"  id='av-masonry-1-item-889' data-av-masonry-item='889' class='av-masonry-entry isotope-item post-889 attachment type-attachment status-inherit hentry  av-masonry-item-with-image' title="amtsplatz4" alt=""    itemprop="thumbnailUrl" ><div class='av-inner-masonry-sizer'></div><figure class='av-inner-masonry main_color'><div class="av-masonry-outerimage-container"><div class='av-masonry-image-container' style="background-image: url(https://www.residenz-schwaan.de/wp-content/uploads/amtsplatz4-705x555.jpg);"  title="amtsplatz4"  ></div></div></figure></a><!--end av-masonry entry--><a href="https://www.residenz-schwaan.de/wp-content/uploads/amtsplatz5.jpg"  aria-label="Bild amtsplatz5"  id='av-masonry-1-item-890' data-av-masonry-item='890' class='av-masonry-entry isotope-item post-890 attachment type-attachment status-inherit hentry  av-masonry-item-with-image' title="amtsplatz5" alt=""    itemprop="thumbnailUrl" ><div class='av-inner-masonry-sizer'></div><figure class='av-inner-masonry main_color'><div class="av-masonry-outerimage-container"><div class='av-masonry-image-container' style="background-image: url(https://www.residenz-schwaan.de/wp-content/uploads/amtsplatz5-705x555.jpg);"  title="amtsplatz5"  ></div></div></figure></a><!--end av-masonry entry--><a href="https://www.residenz-schwaan.de/wp-content/uploads/amtsplatz6.jpg"  aria-label="Bild amtsplatz6"  id='av-masonry-1-item-891' data-av-masonry-item='891' class='av-masonry-entry isotope-item post-891 attachment type-attachment status-inherit hentry  av-masonry-item-with-image' title="amtsplatz6" alt=""    itemprop="thumbnailUrl" ><div class='av-inner-masonry-sizer'></div><figure class='av-inner-masonry main_color'><div class="av-masonry-outerimage-container"><div class='av-masonry-image-container' style="background-image: url(https://www.residenz-schwaan.de/wp-content/uploads/amtsplatz6-705x555.jpg);"  title="amtsplatz6"  ></div></div></figure></a><!--end av-masonry entry--></div></div></div>
</div></div></div><!-- close content main div --></div></div>
<style type="text/css" data-created_by="avia_inline_auto" id="style-css-av-av_section-b2b01204bbf941b53d800ab28844851c">
.avia-section.av-av_section-b2b01204bbf941b53d800ab28844851c{
background-color:#f6f6f6;
background-image:unset;
}
</style>
<div id='av_section_1'  class='avia-section av-av_section-b2b01204bbf941b53d800ab28844851c main_color avia-section-default avia-no-shadow  avia-builder-el-4  el_after_av_one_full  avia-builder-el-last  avia-bg-style-scroll container_wrap sidebar_right'  ><div class='container av-section-cont-open' ><div class='template-page content  av-content-small alpha units'><div class='post-entry post-entry-type-page post-entry-883'><div class='entry-content-wrapper clearfix'>
<section  class='av_textblock_section av-av_textblock-0366cc7376be6c9e82a3e9cc8987b64f'  itemscope="itemscope" itemtype="https://schema.org/CreativeWork" ><div class='avia_textblock'  itemprop="text" ><div class="csc-header csc-header-n1">
<h1 class="csc-firstHeader">Wohnungen in der Bützower Straße 2a</h1>
</div>
<div class="csc-textpic csc-textpic-center csc-textpic-below csc-textpic-equalheight">
<div class="csc-textpic-text">
<p class="bodytext">Suchen Sie modernes Wohnen in Zentrumsnähe? Dann sind Sie hier richtig.</p>
<p class="bodytext">Das Mehrfamilienhaus in unmittelbarer Zentrumsnähe staffelt sich in scheinbar zwei Einzelhäuser mit unterschiedlichen Traufhöhen. Der Versatz gibt dem Gebäude nicht nur gestalterisch Plastizität, sondern dadurch erhalten die Appartements im 2. Dachgeschoss (Spitzboden) eine Belichtung im Firstbereich.</p>
<p class="bodytext">Das Haus verfügt über 4 Wohnungen je Etage sowie zwei Appartements im zweiten Dachgeschoss und somit über insgesamt 14 Wohneinheiten. Sie sind uns herzlich willkommen!</p>
</div>
</div>
</div></section>

<style type="text/css" data-created_by="avia_inline_auto" id="style-css-av-av_one_full-6126cab7d8fab8d08143dd2dacdf673c">
.flex_column.av-av_one_full-6126cab7d8fab8d08143dd2dacdf673c{
-webkit-border-radius:0px 0px 0px 0px;
-moz-border-radius:0px 0px 0px 0px;
border-radius:0px 0px 0px 0px;
padding:0px 0px 0px 0px;
}
</style>
<div class='flex_column av-av_one_full-6126cab7d8fab8d08143dd2dacdf673c av_one_full  avia-builder-el-6  el_after_av_textblock  avia-builder-el-last  first flex_column_div av-zero-column-padding column-top-margin'     ><div id='av-masonry-2' class='av-masonry av-av_masonry_gallery-01ff9e4fb14893a3636be4ec244cf7f7 noHover av-fixed-size av-large-gap av-hover-overlay-active av-masonry-animation-active av-masonry-col-6 av-caption-always av-caption-style- av-masonry-gallery ' data-post_id="883"><div class="av-masonry-container isotope av-js-disabled"><div class='av-masonry-entry isotope-item av-masonry-item-no-image '></div><a href="https://www.residenz-schwaan.de/wp-content/uploads/buetz1.jpg"  aria-label="Bild buetz1"  id='av-masonry-2-item-892' data-av-masonry-item='892' class='av-masonry-entry isotope-item post-892 attachment type-attachment status-inherit hentry  av-masonry-item-with-image' title="buetz1" alt=""    itemprop="thumbnailUrl" ><div class='av-inner-masonry-sizer'></div><figure class='av-inner-masonry main_color'><div class="av-masonry-outerimage-container"><div class='av-masonry-image-container' style="background-image: url(https://www.residenz-schwaan.de/wp-content/uploads/buetz1-705x527.jpg);"  title="buetz1"  ></div></div></figure></a><!--end av-masonry entry--><a href="https://www.residenz-schwaan.de/wp-content/uploads/buetz2.jpg"  aria-label="Bild buetz2"  id='av-masonry-2-item-893' data-av-masonry-item='893' class='av-masonry-entry isotope-item post-893 attachment type-attachment status-inherit hentry  av-masonry-item-with-image' title="buetz2" alt=""    itemprop="thumbnailUrl" ><div class='av-inner-masonry-sizer'></div><figure class='av-inner-masonry main_color'><div class="av-masonry-outerimage-container"><div class='av-masonry-image-container' style="background-image: url(https://www.residenz-schwaan.de/wp-content/uploads/buetz2-705x471.jpg);"  title="buetz2"  ></div></div></figure></a><!--end av-masonry entry--><a href="https://www.residenz-schwaan.de/wp-content/uploads/buetz3.jpg"  aria-label="Bild buetz3"  id='av-masonry-2-item-894' data-av-masonry-item='894' class='av-masonry-entry isotope-item post-894 attachment type-attachment status-inherit hentry  av-masonry-item-with-image' title="buetz3" alt=""    itemprop="thumbnailUrl" ><div class='av-inner-masonry-sizer'></div><figure class='av-inner-masonry main_color'><div class="av-masonry-outerimage-container"><div class='av-masonry-image-container' style="background-image: url(https://www.residenz-schwaan.de/wp-content/uploads/buetz3-705x555.jpg);"  title="buetz3"  ></div></div></figure></a><!--end av-masonry entry--></div></div></div></div></div></div><!-- close content main div --></div></div><div id='after_section_1'  class='main_color av_default_container_wrap container_wrap sidebar_right'  ><div class='container av-section-cont-open' ><div class='template-page content  av-content-small alpha units'><div class='post-entry post-entry-type-page post-entry-883'><div class='entry-content-wrapper clearfix'>
