{"id":910,"date":"2017-04-27T08:29:59","date_gmt":"2017-04-27T08:29:59","guid":{"rendered":"http:\/\/ferien.bm-partner.de\/?page_id=910"},"modified":"2022-10-30T10:55:04","modified_gmt":"2022-10-30T10:55:04","slug":"seniorenresidenz-schwaan-leistungen","status":"publish","type":"page","link":"https:\/\/www.residenz-schwaan.de\/index.php\/seniorenresidenz-schwaan-leistungen\/","title":{"rendered":"Seniorenresidenz Schwaan Leistungen"},"content":{"rendered":"<div id='layer_slider_1'  class='avia-layerslider main_color avia-shadow  avia-builder-el-0  el_before_av_textblock  avia-builder-el-first  container_wrap sidebar_right'  style='height: 501px; max-width: 1920px; margin: 0 auto;'  ><\/div><div id='after_layer_slider_1'  class='main_color av_default_container_wrap container_wrap sidebar_right'  ><div class='container av-section-cont-open' ><div class='template-page content  av-content-small alpha units'><div class='post-entry post-entry-type-page post-entry-910'><div class='entry-content-wrapper clearfix'>\n<section  class='av_textblock_section av-av_textblock-396ddf1f42196ca838231e61a4602801'  itemscope=\"itemscope\" itemtype=\"https:\/\/schema.org\/CreativeWork\" ><div class='avia_textblock'  itemprop=\"text\" ><div class=\"csc-header csc-header-n1\">\n<h1 class=\"csc-firstHeader\">Seniorenresidenz &#8222;Burg-Schwaan\u201c &#8211; Unsere Leistungen<\/h1>\n<\/div>\n<p class=\"bodytext\">Die Seniorenresidenz \u201eBurg Schwaan\u201c ist altersgerecht ausgestattet, gr\u00f6\u00dftenteils mit gro\u00dfz\u00fcgigen Balkon bzw. Terrassen und befindet sich in zentraler Lage in Schwaan.<\/p>\n<p class=\"bodytext\"><b>Betreutes Wohnen<\/b><\/p>\n<p class=\"bodytext\">Ein selbstbestimmtes Wohnen in den eigenen vier W\u00e4nden, verbunden mit der M\u00f6glichkeit zus\u00e4tzliche Serviceleistungen zu buchen &#8211; das bieten unsere betreuten Wohnungen.<\/p>\n<p class=\"bodytext\"><b>Unser Ziel: Soviel Selbst\u00e4ndigkeit wie m\u00f6glich, soviel Hilfe wie n\u00f6tig. <\/b><\/p>\n<p class=\"bodytext\">Bei dieser Wohnform mietet der Bewohner eine vollwertige Wohnung mit Bad und K\u00fccheneinrichtung. Die Wohnung ist altersspezifischen Bed\u00fcrfnissen angepasst und behinderten- sowie teilweise rollstuhlgerecht ausgestattet. Hauswirtschaftliche Hilfe und Pflege bei Bedarf geh\u00f6ren genauso zum Konzept wie soziales Miteinander und kulturelle Veranstaltungen. Zus\u00e4tzlich k\u00f6nnen weitere Leistungen abgerufen werden. Pflegeleistungen werden \u00fcber die ambulanten Dienste erbracht (ambulante Pflegeleistungen nach \u00a7 71 Abs. 1 SGB XI).<\/p>\n<p class=\"bodytext\"><b>Wohnen im Alter vorbereiten<\/b><\/p>\n<p class=\"bodytext\">Wohnbedingungen sind eine wichtige Komponente der Lebensqualit\u00e4t.<\/p>\n<p class=\"bodytext\">Wie problematisch Wohnen im Alter oder bei gesundheitlichen Einschr\u00e4nkungen und Behinderung werden kann, ist immer wieder von Rat- und Hilfesuchenden zu h\u00f6ren. Mal ist es die gro\u00dfe, mal die zu kleine Wohnung, mal eine unzureichend auf Einschr\u00e4nkungen des Alters angepasste oder eine zu weit von Einkaufs- und anderen Einrichtungen entfernte Wohnung, die zur scheinbar unl\u00f6sbaren Herausforderung wird. Nicht selten kommt es derart rasant zu Ver\u00e4nderungen in den pers\u00f6nlichen Lebensbedingungen, dass nur noch die kurzfristige \u00dcberweisung in ein Heim als Ausweg bleibt, wenn kurzfristig keine andere L\u00f6sung gefunden wird.<\/p>\n<p class=\"bodytext\"><b>Darum<\/b><\/p>\n<p class=\"bodytext\">Verantwortung f\u00fcr sein eigenes Alter zu \u00fcbernehmen hei\u00dft auch, m\u00f6gliche kritische Situationen des Wohnens im Alter vorausschauend zu bedenken. Wie kann ich durch die Ver\u00e4nderung der Wohnsituation eventuellen sp\u00e4teren Einschr\u00e4nkungen und Verlusten begegnen? Wer sich diese Frage rechtzeitig stellt, handelt selbstbestimmt und vermeidet, dass sp\u00e4ter eventuell die Situation selbst oder andere \u00fcber ihn entscheiden. Voraussetzung daf\u00fcr ist die Bereitschaft die sich abzeichnende Herausforderung als solche zu erkennen und sich ihr zu stellen, unabh\u00e4ngig davon, ob zum aktuellen Zeitpunkt daf\u00fcr eine unmittelbare Notwendigkeit besteht.<\/p>\n<p class=\"bodytext\">Wohnbedingungen sind f\u00fcr die Erf\u00fcllung von Grundbed\u00fcrfnissen w\u00e4hrend aller Lebensabschnitte von wesentlicher Bedeutung. Wohnen hat ma\u00dfgeblichen Einfluss auf das k\u00f6rperliche und psychische Wohlergehen des Menschen sowie auf seine soziale Integration.<\/p>\n<p class=\"bodytext\">Wohnung und Wohnumfeld sind wichtige Aspekte der Lebensqualit\u00e4t und sind damit auch eine Voraussetzung f\u00fcr Ihre Zufriedenheit. Dies gewinnt im Alter zunehmend an Gewicht, da f\u00fcr \u00e4ltere Menschen die Wohnung aufgrund alterstypischer Verluste, wie Mobilit\u00e4tseinschr\u00e4nkungen, zum Lebensmittelpunkt wird. Alltag ist f\u00fcr \u00c4ltere vor allem Wohnalltag.<\/p>\n<p class=\"bodytext\"><b>10 Qualit\u00e4tsmerkmale f\u00fcr Betreutes Wohnen<\/b><\/p>\n<p class=\"bodytext\"><i>Nehmen Sie sich Zeit f\u00fcr die Pr\u00fcfung Ihres k\u00fcnftigen Zuhauses.<\/i><\/p>\n<ol>\n<li>Wohnanlage: Einkaufsm\u00f6glichkeiten und Freizeiteinrichtungen sind gut erreichbar<\/li>\n<li>Erschlie\u00dfung: Verkehrsanbindung und barrierefreier Zugang<\/li>\n<li>Wohnumfeld: Ausstattung und Grundrissgestaltung erm\u00f6glichen Selbst\u00e4ndigkeit<\/li>\n<li>Wohnsituation: Grundrissgestaltung gew\u00e4hrt ein hohes Ma\u00df an Privatsph\u00e4re<\/li>\n<li>Gesellschaftliches Leben: Angebote sind unverbindlich, es gibt keine Zwangskontakte<\/li>\n<li>Serviceangebote: Dienstleistungen sind dauerhaft garantiert, z. B. f\u00fcr Haushalt und Verpflegung<\/li>\n<li>Pflegeangebote: Versorgung im Bedarfsfall durch qualifiziertes Personal ist hausintern m\u00f6glich, ambulanter Pflegedienst befindet sich im Objekt<\/li>\n<li>Vertragsgestaltung: uneingeschr\u00e4nkte Wahlfreiheit bei Service- und Pflegeangeboten sind gegeben<\/li>\n<li>Information und Beratung: individuelle Beratung \u00fcber verschiedene Angebote werden unterbreitet<\/li>\n<li>Preise: Transparenz aller angebotenen Leistungen ist selbstverst\u00e4ndlich<\/li>\n<\/ol>\n<p class=\"bodytext\"><b>Selbstbestimmung gro\u00df geschrieben<\/b><\/p>\n<p class=\"bodytext\">In unserer Residenz ist keiner isoliert, aber jeder kann sich jederzeit in seine Privatsph\u00e4re zur\u00fcckziehen.<\/p>\n<p class=\"bodytext\">Die Anlage ist vergleichbar mit einem gro\u00dfen Hotel. Einkaufs- und Sportm\u00f6glichkeiten, Friseur und Ausstellungen werden vor Ort oder in der N\u00e4he angeboten. Zum kulturellen Programm geh\u00f6ren Kinovorf\u00fchrungen, Konzerte, Vortr\u00e4ge oder Gespr\u00e4chskreise sowie stilvolle Feste oder gar ein spontaner Musikabend, der von Bewohnern selbst organisiert wird. F\u00fcr den Fall der F\u00e4lle gibt es die M\u00f6glichkeit von einem Pflegedienst in der eigenen Wohnung versorgt zu werden.<\/p>\n<p class=\"bodytext\">Residenzen sind zwar preislich nicht das g\u00fcnstigste Angebot, aber unsere Schwaaner Residenz ist unter Ber\u00fccksichtigung der Vielfalt der gebotenen und enthaltenen Dienstleistungen dennoch sehr preiswert.<\/p>\n<\/div><\/section>\n","protected":false},"excerpt":{"rendered":"","protected":false},"author":1,"featured_media":0,"parent":0,"menu_order":0,"comment_status":"closed","ping_status":"closed","template":"","meta":{"footnotes":""},"_links":{"self":[{"href":"https:\/\/www.residenz-schwaan.de\/index.php\/wp-json\/wp\/v2\/pages\/910"}],"collection":[{"href":"https:\/\/www.residenz-schwaan.de\/index.php\/wp-json\/wp\/v2\/pages"}],"about":[{"href":"https:\/\/www.residenz-schwaan.de\/index.php\/wp-json\/wp\/v2\/types\/page"}],"author":[{"embeddable":true,"href":"https:\/\/www.residenz-schwaan.de\/index.php\/wp-json\/wp\/v2\/users\/1"}],"replies":[{"embeddable":true,"href":"https:\/\/www.residenz-schwaan.de\/index.php\/wp-json\/wp\/v2\/comments?post=910"}],"version-history":[{"count":5,"href":"https:\/\/www.residenz-schwaan.de\/index.php\/wp-json\/wp\/v2\/pages\/910\/revisions"}],"predecessor-version":[{"id":1067,"href":"https:\/\/www.residenz-schwaan.de\/index.php\/wp-json\/wp\/v2\/pages\/910\/revisions\/1067"}],"wp:attachment":[{"href":"https:\/\/www.residenz-schwaan.de\/index.php\/wp-json\/wp\/v2\/media?parent=910"}],"curies":[{"name":"wp","href":"https:\/\/api.w.org\/{rel}","templated":true}]}}